et w(v) = -v**3 - 22*v**2 - 18*v + 65. Let o be w(-21). Suppose 2*t - 1474 = -2*x, -o*x = 9*t - 4*t - 1462. What is the tens digit of x?
4
Let v be (-154)/22 - 2*-15. Suppose 720 = v*c - 13*c. What is the units digit of c?
2
Let y(b) = 86*b**3 - 11*b**2 + 11*b - 8. Let p(m) = -258*m**3 + 31*m**2 - 32*m + 23. Let q(i) = -6*p(i) - 17*y(i). What is the tens digit of q(2)?
0
Let u be (-12)/(-8)*-6*(-2)/9. Suppose u*h = -5*t - 25, -12 = 4*h + 5*t + 53. Let b(j) = j**2 + 12*j - 8. What is the units digit of b(h)?
2
Suppose 0*w + 3*w + 78 = 0. Let k = -24 - w. Suppose -295 = -3*o + 2*m, o + k*m - 81 = 7*m. What is the tens digit of o?
0
Let j(o) = 45*o**2 + 95*o + 945. What is the units digit of j(-12)?
5
Suppose -l = -3*l - 2, 4*h - 873 = 5*l. Suppose -2*i = 4*n - 63 + h, -5*n = i + 92. Let v = 324 + i. What is the units digit of v?
7
Suppose -5*o - 8 = -8. Suppose 4*j - c - 779 - 809 = o, 2*c - 794 = -2*j. Let h = j + -271. What is the hundreds digit of h?
1
Suppose 5*m - 3259 = 3*q, -5*q + 3*m - 1447 = 3990. Let o = q - -1897. What is the hundreds digit of o?
8
Let s(p) = -1129*p**3 + p**2 - 2. Let b be s(1). What is the units digit of (-2 - 28/(-10)) + b/(-25)?
6
Let c(s) = 23*s + 178. Let h be 55/(-5)*1/(-3 + 2). What is the units digit of c(h)?
1
Suppose 0 = -3*i + i - j + 3, 5*i + 4*j - 3 = 0. Suppose i*q - 2369 = 706. What is the thousands digit of q?
1
Suppose -2*z + 32 = 4. Suppose 57 = 17*x - z*x. What is the units digit of x?
9
Let u(y) = -12*y**3 + 4*y**2 + 5*y + 9. Let i be u(-6). Suppose 3*j = -0*j + 2*t + i, 2*t + 4525 = 5*j. What is the hundreds digit of j?
9
Suppose 12 = 8*m - 5*m. Suppose -4*p = m*y - 85 - 107, 4*y = -5*p + 240. Let g = p + -40. What is the units digit of g?
8
Let b = 110780 + -50210. What is the hundreds digit of b?
5
What is the hundreds digit of 13/(91/(-49)) + (-1 + 2)*38129?
1
Let j(b) = 32*b - 62. Let o be j(-19). Let q = o + 1229. What is the hundreds digit of q?
5
Let v(m) = -33*m - 2. Suppose -2*q - 12 = 2*q. Let o be v(q). Suppose 2*a = a + 4*r + o, 2*a - 170 = 2*r. What is the tens digit of a?
8
Let t = -14415 - -24995. What is the hundreds digit of t?
5
Let j be (-8 + 188/(-6))*12/(-1). Let y = -337 + j. What is the tens digit of y?
3
Let c be (-1 - 5/((-100)/135))*60. Suppose c = 39*o - 34*o. What is the units digit of o?
9
Suppose 4*i - 16*f = -15*f + 695, 2*i - 347 = f. Suppose 5*x + i + 76 = 2*c, -5*c + 625 = -2*x. What is the hundreds digit of c?
1
Let f(o) = -o**3 - 22*o**2 - 81*o + 27. What is the thousands digit of f(-27)?
5
Suppose -34*o + 238065 = 90947. What is the thousands digit of o?
4
Let g(i) = 26*i + 1. Let l(k) = 4*k - 8. Let w(p) = 5*p - 7. Let c(y) = -4*l(y) + 3*w(y). Let t be c(9). What is the units digit of g(t)?
3
Suppose 493*c + 73519 = 497*c + n, -18392 = -c - 2*n. What is the thousands digit of c?
8
Let w(f) be the third derivative of 0 - 1/24*f**4 + 11/2*f**3 + 11*f**2 + 0*f. What is the tens digit of w(20)?
1
Suppose -3*w + 4*i - 1970 = -5552, 4*w = 5*i + 4775. What is the tens digit of (1*(-3)/2)/((-7)/w)?
5
Let w(n) = 8990*n**2 + 171*n - 171. What is the hundreds digit of w(1)?
9
Let l = -57 + 82. Suppose l*t - 19*t = -54. Let p(c) = -c**3 - 8*c**2 + 2*c + 8. What is the tens digit of p(t)?
7
Let d be ((-14)/12)/((-845)/(-78) + -11). Let c(n) = -12*n + 36. Let v(i) = -12*i + 35. Let h(t) = 5*c(t) - 6*v(t). What is the units digit of h(d)?
4
Let l = 1376 + -2976. What is the thousands digit of 1 - l/(-9 - -10)?
1
Suppose 4 + 38 = 2*j. Let q(b) be the second derivative of 3*b**3/2 - 13*b**2/2 - 7*b + 2. What is the units digit of q(j)?
6
Let u = 330 - 327. Suppose 24*r - 38988 = -u*r. What is the units digit of r?
4
Let d(w) = 46*w**3 - 4*w**2 + 11*w - 5. Let q be d(3). Suppose 0 = -7*i + q + 1874. What is the hundreds digit of i?
4
Suppose -4*j + l + 57 = -0*j, 2*l + 69 = 5*j. Let c be (-40)/j*9/(-12). Suppose 5*w - 2*q - 175 = 318, -q - 197 = -c*w. What is the units digit of w?
9
Let v(y) = -7*y**2 + 37*y + 3. Let g be v(4). Let h be 0 + -1*(-2)/1. Suppose g = h*k - k. What is the tens digit of k?
3
Let a = 16 - -233. Let d = a + -96. What is the units digit of d?
3
Let s(u) = 3*u**3 - 2*u**2 - 37*u + 5. Let r(w) = -w**2 - 41*w - 142. Let v be r(-37). What is the hundreds digit of s(v)?
3
Suppose -1003*s + 1004*s - 84244 = -4*a, s - a = 84249. What is the thousands digit of s?
4
What is the tens digit of -26*(9 + (-165)/10)?
9
Suppose -4*p + 3*c + 5362 = 0, -2*p = 2*c - 2363 - 311. Suppose u + 12*u = p. Let d = u - 101. What is the units digit of d?
2
Suppose 0 = -13*o + 6*o + 131664 + 37120. What is the ten thousands digit of o?
2
Let i(o) = o**3 - o**2 - 5*o - 9. Let h be i(4). Suppose -2*j + 3*j - 9 = 0. Let x = j + h. What is the units digit of x?
8
Let a be (9/6)/((-54)/(-72)). Suppose -a*v = -5*s - 523, -v + 9*s + 260 = 5*s. What is the units digit of v?
4
Let y = -17585 - -35124. What is the thousands digit of y?
7
Suppose -4*g - 5512 = 4*t, 5*g + 11*t - 15*t + 6935 = 0. Let p = g + 2077. What is the units digit of p?
4
Let r = -129 + 132. What is the units digit of (2/1)/(-1 + -1 + r)?
2
What is the hundreds digit of (-16 - -176)/(-16) - -15295?
2
Let g = 37 + 55. Let h = g - 91. What is the units digit of h?
1
Let d be ((-5)/25*0)/(-2). Suppose -6*b + 9*b - 378 = d. What is the tens digit of b?
2
Let h = 97 - 241. Let x = -15 - h. What is the units digit of x?
9
Let u(g) = 40*g**3 + 5*g**2 + 3*g - 8. Let w(j) = -121*j**3 - 13*j**2 - 9*j + 23. Let q(m) = -11*u(m) - 4*w(m). What is the units digit of q(2)?
2
Let j(v) be the first derivative of 3*v**2/2 + 3*v + 9. Suppose -k = 2*k - 6, 0 = 3*z + 2*k - 25. What is the tens digit of j(z)?
2
Let n be (2 + 51/(-6))/((-15)/30). Suppose 5921 = n*v - 6026. What is the tens digit of v?
1
Suppose 27*q + 662 = 230. Let d(u) = -265*u - 980. Let z(y) = 19*y + 70. Let v(x) = 4*d(x) + 55*z(x). What is the units digit of v(q)?
0
Let w(j) = 2*j**3 - 8*j**2 - 9*j + 9. Let k(b) = 7*b + 57. Let p be k(-7). What is the hundreds digit of w(p)?
4
Suppose -5*g - 21817 = -5*p - 6*g, -3*g + 21821 = 5*p. What is the tens digit of p?
6
Suppose 12*g - 9*g - 6 = 0. Let s be (4 + 12/(-8))*g. Suppose 39 = 2*a - s*r - 54, -244 = -5*a + r. What is the tens digit of a?
4
Suppose 43*w = -12*w + 980045. What is the units digit of w?
9
Suppose 2*x - 12 = 5*w, 5*x + 3 + 1 = 4*w. Let j(m) = -2*m**3 + m**2 - m - 12. What is the units digit of j(x)?
6
Let j(d) = -2*d**3 - 14*d**2 + d + 8. Let v be j(-6). Let c = v - -110. Suppose -38*k = -c*k + 608. What is the units digit of k?
4
Let b = -1008 - -1722. Suppose -z = -0*w - w + b, -w - 5*z = -720. What is the tens digit of w?
1
Let h(g) be the second derivative of -2*g**3/3 - 5*g**2 + 13*g. Let w be h(-3). Suppose -w*c = -4*n - 40, c + 3*n = -0*n - 5. What is the tens digit of c?
1
Suppose -2*g = 6, -h + 3*g + 743 = -211. What is the tens digit of h?
4
Let m = -12756 + 15721. What is the thousands digit of m?
2
Suppose -171*a - 6178 = -173*a + 5*c, -3*a + 4*c + 9246 = 0. What is the units digit of a?
4
Let g = 1945 - 333. What is the tens digit of g?
1
Suppose -8*u - 13*p = -18*p - 146572, 4*u - 73284 = 3*p. What is the ten thousands digit of u?
1
Let p = -70 + 90. Suppose 4*g - 108 = -2*w - p, 4*w + 4*g - 168 = 0. Suppose -57 - w = -h. What is the units digit of h?
7
Suppose -3*o - 3*x + 0 = -9, 4*o - 12 = 4*x. Suppose o*g = 4*g - 5. Suppose -2*i - 3*q + 100 = -41, -g*i - 3*q = -339. What is the tens digit of i?
6
Let o = 2014 - -16. Suppose -6*f + o = -f - 2*w, -5*w = 3*f - 1249. What is the tens digit of f?
0
Let a = 2615 - 1419. Let r = 2596 - a. What is the hundreds digit of r?
4
Suppose -27*x - 5*k - 56 = -23*x, -x - 25 = 4*k. Let q(n) = -74*n + 72. What is the tens digit of q(x)?
3
Let j be -275 - 4/(-12)*-9. Let k(l) = 8*l**3 + 4*l**2 + 6*l + 8. Let m be k(-3). Let x = m - j. What is the tens digit of x?
8
Let x = -129 + -90. What is the units digit of (-9 - x)/(5/15)?
0
Suppose 0 = 5*x - 2 - 18. Let a be 2/x + (-25)/(-10). Suppose -9*i + a*i + 384 = 0. What is the units digit of i?
4
Let h = -389 + 590. Let j be 3*(1 + 109/3). Let m = h - j. What is the units digit of m?
9
Let h(a) = -732*a - 4 + 368*a + 24*a**2 + 362*a. What is the hundreds digit of h(3)?
2
Let l = 749 - -26768. What is the ten